{"id":147,"date":"2020-04-17T20:04:53","date_gmt":"2020-04-17T18:04:53","guid":{"rendered":"http:\/\/olimpiadadebiologia.cat\/?page_id=147"},"modified":"2025-10-16T19:04:53","modified_gmt":"2025-10-16T17:04:53","slug":"inscripcio","status":"publish","type":"page","link":"http:\/\/olimpiadadebiologia.cat\/index.php\/inscripcio\/","title":{"rendered":"Inscripci\u00f3"},"content":{"rendered":"\t\t<div data-elementor-type=\"wp-page\" data-elementor-id=\"147\" class=\"elementor elementor-147\">\n\t\t\t\t\t\t<section class=\"elementor-section elementor-top-section elementor-element elementor-element-42e0d26e elementor-section-boxed elementor-section-height-default elementor-section-height-default\" data-id=\"42e0d26e\" data-element_type=\"section\" data-e-type=\"section\">\n\t\t\t\t\t\t<div class=\"elementor-container elementor-column-gap-default\">\n\t\t\t\t\t<div class=\"elementor-column elementor-col-100 elementor-top-column elementor-element elementor-element-2e103485\" data-id=\"2e103485\" data-element_type=\"column\" data-e-type=\"column\">\n\t\t\t<div class=\"elementor-widget-wrap elementor-element-populated\">\n\t\t\t\t\t\t<div class=\"elementor-element elementor-element-3abcb2be elementor-widget elementor-widget-text-editor\" data-id=\"3abcb2be\" data-element_type=\"widget\" data-e-type=\"widget\" data-widget_type=\"text-editor.default\">\n\t\t\t\t<div class=\"elementor-widget-container\">\n\t\t\t\t\t\t\t\t\t<p><span style=\"background-color: inherit;\">El formulari ha de ser <\/span><strong style=\"background-color: inherit;\">omplert per un professor\/a<\/strong><span style=\"background-color: inherit;\"> de Biologia del centre on estudia l&#8217;alumne\/a.<\/span><\/p>\n<p><!-- \/wp:paragraph --><\/p>\n<p><!-- wp:paragraph --><\/p>\n<p>Cada centre podr\u00e0 inscriure un <strong>m\u00e0xim de 4 alumnes<\/strong>.\u00a0Excepcionalment es pot sol\u00b7licitar a la Comissi\u00f3 Organitzadora (<span style=\"color: #ff6600;\"><a style=\"color: #ff6600;\" href=\"mailto:contacte@olimpiadadebiologia.cat\">contacte@olimpiadadebiologia.cat<\/a><\/span>) la participaci\u00f3 de m\u00e9s de 4 alumnes per centre, i aquesta comissi\u00f3 es posar\u00e0 en contacte amb el professor del centre per a autoritzar la partici\u00f3 d\u2019aquests alumnes condicionada a les places disponibles de la seu corresponent.<\/p>\n<p><!-- \/wp:paragraph --><\/p>\n<p><!-- wp:paragraph --><\/p>\n<p>El\/la professor\/a que ompli el formulari es responsabilitzar\u00e0 que totes les dades incloses siguin correctes.<\/p>\n<p><!-- \/wp:paragraph --><\/p>\n<p><!-- wp:heading {\"level\":1} --><\/p>\n<h1>\u00a0<\/h1>\n<h1>Inscripci\u00f3 a la XVI Olimp\u00edada de Biologia de Catalunya (OBC) 2026<\/h1>\n<p><!-- \/wp:heading --><\/p>\n<p><!-- wp:paragraph --><\/p>\n<p>&nbsp;<\/p>\n<p><!-- \/wp:list --><\/p>\n<p><!-- wp:html --><\/p>\n<figure><\/figure>\n<p><!-- \/wp:html --><\/p>\n<p><!-- wp:paragraph --><\/p>\n<p><!-- \/wp:paragraph --><\/p>\n<iframe src=\"https:\/\/docs.google.com\/forms\/d\/e\/1FAIpQLSfGy-1gkrwMVkFl8DdO5oOO2JFvx1bLRy-R8le3k_upSLPlRQ\/viewform?embedded=true\" width=\"640\" height=\"6556\" frameborder=\"0\" marginheight=\"0\" marginwidth=\"0\">S&#39;est\u00e0 carregant\u2026<\/iframe>\t\t\t\t\t\t\t\t<\/div>\n\t\t\t\t<\/div>\n\t\t\t\t\t<\/div>\n\t\t<\/div>\n\t\t\t\t\t<\/div>\n\t\t<\/section>\n\t\t\t\t<\/div>\n\t\t ","protected":false},"excerpt":{"rendered":"<p>El formulari ha de ser omplert per un professor\/a de Biologia del centre on estudia l&#8217;alumne\/a. Cada centre podr\u00e0 inscriure un m\u00e0xim de 4 alumnes.\u00a0Excepcionalment es pot sol\u00b7licitar a la Comissi\u00f3 Organitzadora (contacte@olimpiadadebiologia.cat) la participaci\u00f3 de m\u00e9s de 4 alumnes <a href=\"http:\/\/olimpiadadebiologia.cat\/index.php\/inscripcio\/\" class=\"read-more\">Llegeix m\u00e9s&#8230;<\/a><\/p>\n","protected":false},"author":1,"featured_media":0,"parent":0,"menu_order":0,"comment_status":"closed","ping_status":"closed","template":"","meta":{"footnotes":""},"class_list":["post-147","page","type-page","status-publish","hentry"],"_links":{"self":[{"href":"http:\/\/olimpiadadebiologia.cat\/index.php\/wp-json\/wp\/v2\/pages\/147","targetHints":{"allow":["GET"]}}],"collection":[{"href":"http:\/\/olimpiadadebiologia.cat\/index.php\/wp-json\/wp\/v2\/pages"}],"about":[{"href":"http:\/\/olimpiadadebiologia.cat\/index.php\/wp-json\/wp\/v2\/types\/page"}],"author":[{"embeddable":true,"href":"http:\/\/olimpiadadebiologia.cat\/index.php\/wp-json\/wp\/v2\/users\/1"}],"replies":[{"embeddable":true,"href":"http:\/\/olimpiadadebiologia.cat\/index.php\/wp-json\/wp\/v2\/comments?post=147"}],"version-history":[{"count":120,"href":"http:\/\/olimpiadadebiologia.cat\/index.php\/wp-json\/wp\/v2\/pages\/147\/revisions"}],"predecessor-version":[{"id":2460,"href":"http:\/\/olimpiadadebiologia.cat\/index.php\/wp-json\/wp\/v2\/pages\/147\/revisions\/2460"}],"wp:attachment":[{"href":"http:\/\/olimpiadadebiologia.cat\/index.php\/wp-json\/wp\/v2\/media?parent=147"}],"curies":[{"name":"wp","href":"https:\/\/api.w.org\/{rel}","templated":true}]}}