{"id":196,"date":"2020-04-18T10:54:47","date_gmt":"2020-04-18T08:54:47","guid":{"rendered":"http:\/\/olimpiadadebiologia.cat\/?page_id=196"},"modified":"2020-04-26T19:48:08","modified_gmt":"2020-04-26T17:48:08","slug":"obc-2012","status":"publish","type":"page","link":"http:\/\/olimpiadadebiologia.cat\/index.php\/obc-2012\/","title":{"rendered":"OBC 2012"},"content":{"rendered":"\n<p>La <strong>II edici\u00f3 de l&#8217;OBC<\/strong> es va realitzar el dissabte 11 de febrer de 2012 a la Facultat de Bioci\u00e8ncies de la <a rel=\"noreferrer noopener\" href=\"https:\/\/www.uab.cat\" target=\"_blank\"><span wfd-id=\"434\" class=\"has-inline-color has-luminous-vivid-orange-color\">Universitat Aut\u00f2noma de Barcelona<\/span><\/a> (Bellaterra) com a seu \u00fanica per a totes les demarcacions. Durant el mat\u00ed es va realitzar la fase te\u00f2rica i ja per la tarda la fase pr\u00e0ctica pels 16 finalistes.<\/p>\n\n\n\n<p>Es van inscriure 307 alumnes i, a partir de les seves qualificacions, van ser seleccionats 200 participants de 89 centres. El nivell acad\u00e8mic dels seleccionats va ser molt alt, situant-se la nota de tall en 8,47 punts. A la prova te\u00f2rica, que es va fer al mat\u00ed, es van seleccionar els 16 participants amb millors resultats, els quals van passar a la part pr\u00e0ctica i en aquesta es van definir els tres guanyadors i els dos seg\u00fcents classificats, que tamb\u00e9 participaran a la fase estatal.<\/p>\n\n\n\n<p>En l\u2019organitzaci\u00f3 de l\u2019Olimp\u00edada de Biologia de Catalunya han intervingut les principals universitats, entitats culturals i associacions de Catalunya que realitzen activitats educatives o de recerca en el camp de la biologia. El lliurament de premis es va fer el dimarts 28 de febrer de 2012 a les 19h a la Sala Pere i Joan Coromines de l&#8217;<a href=\"https:\/\/www.iec.cat\/activitats\/entrada.asp\"><span class=\"has-inline-color has-luminous-vivid-orange-color\">Institut d&#8217;Estudis Catalans<\/span> <\/a>(Casa de Convalesc\u00e8ncia), Carrer del Carme, 47 de Barcelona.<\/p>\n\n\n\n<ul class=\"wp-block-list\"><li>La medalla d&#8217;or la va guanyar en <strong>Jaume de Dios Pont <\/strong>del centre <strong>Tecnos <\/strong>de Terrassa,<\/li><li>La medalla d&#8217;argent en <strong>Marta Blanco Pozo <\/strong>del centre <strong>La Miranda <\/strong>de Sant Just Desvern,<\/li><li>La medalla de bronze en <strong>Xavier Hern\u00e1ndez Alias <\/strong>de l\u2019<strong>Escola Pia<\/strong> de Sitges.<\/li><li>El 4t classificat va ser en <strong>David Boada D\u00edaz <\/strong>del centre <strong>Sant Miquel <\/strong>de Barcelona<\/li><li>El 5\u00e8 classificat va ser en <strong>Albert Garriga Porqueras <\/strong>de l\u2019<strong>Institut Escola Industrial <\/strong>de Sabadell<\/li><\/ul>\n\n\n\n<p>Tots ells van participar en la <strong>VII Olimp\u00edada Espanyola de Biologia que es va fer del 22 al 25 de mar\u00e7 a M\u00farcia<\/strong>, per\u00f2 no van quedar entre els vuit primers. Els quatre primers guanyadors de la fase estatal van participar a la <strong>XXIII Olimp\u00edada Internacional de Biologia (IBO) que es va fer a Singapur <\/strong>del 8 al 15 de juliol. Els quatre seg\u00fcents classificats van participar a la <strong>V Olimp\u00edada Iberoamericana de Biologia (OIAB) que es va fer a Coimbra <\/strong>(Portugal) del 23 al 30 de setembre.<\/p>\n\n\n\n<p>1.) <a href=\"http:\/\/youtu.be\/-U5Qn4oqn94\"><span class=\"has-inline-color has-vivid-red-color\">V\u00eddeo de les proves realitzades a la UAB el dia 11 de febrer de 2012. Cont\u00e9 entrevistes als participants. (2,31 minuts)<\/span>.<\/a><\/p>\n\n\n\n<p>2.)<span class=\"has-inline-color has-luminous-vivid-orange-color\"> <\/span><a href=\"http:\/\/youtu.be\/k1cjQPxunOQ\"><span class=\"has-inline-color has-vivid-red-color\">V\u00eddeo del lliurament dels premis realitzat el 21 de febrer de 2012 a la seu de l&#8217;IEC. Cont\u00e9 els noms dels 16 finalistes, dels seus centres i de les personalitats del m\u00f3n acad\u00e8mic que van lliurar els premis (14,33 minuts).<\/span><\/a><\/p>\n\n\n\n<p>3.)<span class=\"has-inline-color has-luminous-vivid-orange-color\"> <\/span><a href=\"http:\/\/youtu.be\/TOz7V8rhAmU\"><span class=\"has-inline-color has-vivid-red-color\">Fotomuntatge de les proves realitzades a la UAB el dia 11 de febrer de 2012. (3,17 minuts)<\/span><\/a><\/p>\n\n\n\n<p>4.) <a href=\"http:\/\/olimpiadadebiologia.cat\/wp-content\/uploads\/2020\/04\/La-esperanza-del-futuro-El-Periodico-12-febrer-2012.pdf\"><span wfd-id=\"158\" class=\"has-inline-color has-vivid-red-color\">Noticia de l&#8217;Olimp\u00edada de Biologia de Catalunya que va ser publicada en &#8220;El Peri\u00f3dico&#8221; del 12 de febrer de 2012<\/span><\/a><\/p>\n\n\n\n<p>5.) <a href=\"http:\/\/olimpiadadebiologia.cat\/wp-content\/uploads\/2020\/04\/cbc_revista_article_guanyadors_obc_2012.pdf\"><span class=\"has-inline-color has-vivid-red-color\">Article a la Revista del Col\u00b7legi de Bi\u00f2legs de Catalunya n\u00famero 18, de juliol de 2012: &#8220;L&#8217;Olimp\u00edada de Biologia de Catalunya (OBC) de l&#8217;any 2012&#8221;<\/span><\/a>. <\/p>\n\n\n\n<h3 class=\"wp-block-heading\">Fotografia dels 5 guanyadors<\/h3>\n\n\n\n<figure class=\"wp-block-image size-large\"><img fetchpriority=\"high\" decoding=\"async\" width=\"1024\" height=\"981\" src=\"http:\/\/olimpiadadebiologia.cat\/wp-content\/uploads\/2020\/04\/2012-obc-classificats-1024x981.jpg\" alt=\"\" class=\"wp-image-662\" srcset=\"http:\/\/olimpiadadebiologia.cat\/wp-content\/uploads\/2020\/04\/2012-obc-classificats-1024x981.jpg 1024w, http:\/\/olimpiadadebiologia.cat\/wp-content\/uploads\/2020\/04\/2012-obc-classificats-300x287.jpg 300w, http:\/\/olimpiadadebiologia.cat\/wp-content\/uploads\/2020\/04\/2012-obc-classificats-768x736.jpg 768w, http:\/\/olimpiadadebiologia.cat\/wp-content\/uploads\/2020\/04\/2012-obc-classificats-282x270.jpg 282w, http:\/\/olimpiadadebiologia.cat\/wp-content\/uploads\/2020\/04\/2012-obc-classificats.jpg 1040w\" sizes=\"(max-width: 1024px) 100vw, 1024px\" \/><figcaption>Fotografia dels 5 guanyadors per ordre alfab\u00e8tic<\/figcaption><\/figure>\n\n\n\n<h3 class=\"wp-block-heading\">Llista dels 16 finalistes<\/h3>\n\n\n\n<figure class=\"wp-block-table is-style-regular\"><table><thead><tr><th class=\"has-text-align-center\" data-align=\"center\">Medalla<\/th><th class=\"has-text-align-center\" data-align=\"center\">Nom de l&#8217;alumne\/a<\/th><th class=\"has-text-align-center\" data-align=\"center\">Centre educatiu<\/th><th class=\"has-text-align-center\" data-align=\"center\">Localitat<\/th><\/tr><\/thead><tbody><tr><td class=\"has-text-align-center\" data-align=\"center\"><span class=\"has-inline-color has-luminous-vivid-amber-color\">OR<\/span><\/td><td class=\"has-text-align-center\" data-align=\"center\">Marta Blanco Pozo<\/td><td class=\"has-text-align-center\" data-align=\"center\">La Miranda<\/td><td class=\"has-text-align-center\" data-align=\"center\">Sant Just Desvern<\/td><\/tr><tr><td class=\"has-text-align-center\" data-align=\"center\"><span class=\"has-inline-color has-cyan-bluish-gray-color\">PLATA<\/span><\/td><td class=\"has-text-align-center\" data-align=\"center\">Jaume de Dios Pont<\/td><td class=\"has-text-align-center\" data-align=\"center\">Escola Tecnos<\/td><td class=\"has-text-align-center\" data-align=\"center\">Terrassa<\/td><\/tr><tr><td class=\"has-text-align-center\" data-align=\"center\"><span class=\"has-inline-color has-vivid-red-color\">BRONZE<\/span><\/td><td class=\"has-text-align-center\" data-align=\"center\">Xavier Hern\u00e1ndez Alias<\/td><td class=\"has-text-align-center\" data-align=\"center\">Escola Pia<\/td><td class=\"has-text-align-center\" data-align=\"center\">Sitges<\/td><\/tr><tr><td class=\"has-text-align-center\" data-align=\"center\"><span wfd-id=\"3637\" class=\"has-inline-color has-cyan-bluish-gray-color\"><\/span><span class=\"has-inline-color has-very-dark-gray-color\">Menci\u00f3<\/span><\/td><td class=\"has-text-align-center\" data-align=\"center\">David Boada D\u00edaz<\/td><td class=\"has-text-align-center\" data-align=\"center\">Escola Sant Miquel<\/td><td class=\"has-text-align-center\" data-align=\"center\">Barcelona<\/td><\/tr><tr><td class=\"has-text-align-center\" data-align=\"center\"><span wfd-id=\"150\" class=\"has-inline-color has-cyan-bluish-gray-color\"><\/span><span class=\"has-inline-color has-very-dark-gray-color\">Menci\u00f3<\/span><\/td><td class=\"has-text-align-center\" data-align=\"center\">Albert Garriga Porqueras<\/td><td class=\"has-text-align-center\" data-align=\"center\">Institut Escola Industrial<\/td><td class=\"has-text-align-center\" data-align=\"center\">Sabadell<\/td><\/tr><tr><td class=\"has-text-align-center\" data-align=\"center\">Menci\u00f3<\/td><td class=\"has-text-align-center\" data-align=\"center\">Joaquim Sol Culler\u00e9<\/td><td class=\"has-text-align-center\" data-align=\"center\">La Salle<\/td><td class=\"has-text-align-center\" data-align=\"center\">Mollerusa<\/td><\/tr><tr><td class=\"has-text-align-center\" data-align=\"center\"><span wfd-id=\"148\" style=\"color:#cd7f32\" class=\"has-inline-color\"><\/span>Finalista<\/td><td class=\"has-text-align-center\" data-align=\"center\">Joan Capell\u00e1 Pujol<\/td><td class=\"has-text-align-center\" data-align=\"center\">Escola Professional Salesiana<\/td><td class=\"has-text-align-center\" data-align=\"center\">Barcelona<\/td><\/tr><tr><td class=\"has-text-align-center\" data-align=\"center\">Finalista<\/td><td class=\"has-text-align-center\" data-align=\"center\">Llu\u00eds Coll Cort\u00e9s<\/td><td class=\"has-text-align-center\" data-align=\"center\">Escola Tur\u00f3<\/td><td class=\"has-text-align-center\" data-align=\"center\">Constant\u00ed<\/td><\/tr><tr><td class=\"has-text-align-center\" data-align=\"center\">Finalista<\/td><td class=\"has-text-align-center\" data-align=\"center\">Albert F\u00e0bregas Flavi\u00e0<\/td><td class=\"has-text-align-center\" data-align=\"center\">Institut Narc\u00eds Oller<\/td><td class=\"has-text-align-center\" data-align=\"center\">Valls<\/td><\/tr><tr><td class=\"has-text-align-center\" data-align=\"center\">Finalista<\/td><td class=\"has-text-align-center\" data-align=\"center\">Marcel Laborda Solsona<\/td><td class=\"has-text-align-center\" data-align=\"center\">Institut Joaquima Pla i Farreras<\/td><td class=\"has-text-align-center\" data-align=\"center\">Sant Cugat del Vall\u00e8s<\/td><\/tr><tr><td class=\"has-text-align-center\" data-align=\"center\">Finalista<\/td><td class=\"has-text-align-center\" data-align=\"center\">Marc Mart\u00ednez Miguel<\/td><td class=\"has-text-align-center\" data-align=\"center\">Institut de Crobera del Llobregat<\/td><td class=\"has-text-align-center\" data-align=\"center\">Crobera del Llobregat<\/td><\/tr><tr><td class=\"has-text-align-center\" data-align=\"center\">Finalista<\/td><td class=\"has-text-align-center\" data-align=\"center\">Anna Mart\u00ednez Viguera<\/td><td class=\"has-text-align-center\" data-align=\"center\">Escola Montcau &#8211; La Mola<\/td><td class=\"has-text-align-center\" data-align=\"center\">Matadepera<\/td><\/tr><tr><td class=\"has-text-align-center\" data-align=\"center\">Finalista<\/td><td class=\"has-text-align-center\" data-align=\"center\">Joan Prunera Oliv\u00e9<\/td><td class=\"has-text-align-center\" data-align=\"center\">Institut Escola Industrial<\/td><td class=\"has-text-align-center\" data-align=\"center\">Sabadell<\/td><\/tr><tr><td class=\"has-text-align-center\" data-align=\"center\">Finalista<\/td><td class=\"has-text-align-center\" data-align=\"center\">Ricard Rahuet Jan\u00e9<\/td><td class=\"has-text-align-center\" data-align=\"center\">Institut Eugeni d&#8217;Ors<\/td><td class=\"has-text-align-center\" data-align=\"center\">Vilafranca del Pened\u00e8s<\/td><\/tr><tr><td class=\"has-text-align-center\" data-align=\"center\">Finalista<\/td><td class=\"has-text-align-center\" data-align=\"center\">Roger Randolfe Ricart<\/td><td class=\"has-text-align-center\" data-align=\"center\">Col\u00b7legi Mare de D\u00e9u dels \u00c0ngels<\/td><td class=\"has-text-align-center\" data-align=\"center\">Barcelona<\/td><\/tr><tr><td class=\"has-text-align-center\" data-align=\"center\">Finalista<\/td><td class=\"has-text-align-center\" data-align=\"center\">Blanca Vich Serra<\/td><td class=\"has-text-align-center\" data-align=\"center\">Sant Ignasi &#8211; Jesu\u00eftes Educaci\u00f3<\/td><td class=\"has-text-align-center\" data-align=\"center\">Barcelona<\/td><\/tr><\/tbody><\/table><figcaption><em>Les medalles d\u2019or, plata, bronze i les mencions estan ordenades per ordre de puntuaci\u00f3 decreixent, mentre que els finalistes apareixen per ordre alfab\u00e8tic de primer cognom<\/em><\/figcaption><\/figure>\n ","protected":false},"excerpt":{"rendered":"<p>La II edici\u00f3 de l&#8217;OBC es va realitzar el dissabte 11 de febrer de 2012 a la Facultat de Bioci\u00e8ncies de la Universitat Aut\u00f2noma de Barcelona (Bellaterra) com a seu \u00fanica per a totes les demarcacions. Durant el mat\u00ed es <a href=\"http:\/\/olimpiadadebiologia.cat\/index.php\/obc-2012\/\" class=\"read-more\">Llegeix m\u00e9s&#8230;<\/a><\/p>\n","protected":false},"author":1,"featured_media":0,"parent":0,"menu_order":0,"comment_status":"closed","ping_status":"closed","template":"","meta":{"footnotes":""},"class_list":["post-196","page","type-page","status-publish","hentry"],"_links":{"self":[{"href":"http:\/\/olimpiadadebiologia.cat\/index.php\/wp-json\/wp\/v2\/pages\/196","targetHints":{"allow":["GET"]}}],"collection":[{"href":"http:\/\/olimpiadadebiologia.cat\/index.php\/wp-json\/wp\/v2\/pages"}],"about":[{"href":"http:\/\/olimpiadadebiologia.cat\/index.php\/wp-json\/wp\/v2\/types\/page"}],"author":[{"embeddable":true,"href":"http:\/\/olimpiadadebiologia.cat\/index.php\/wp-json\/wp\/v2\/users\/1"}],"replies":[{"embeddable":true,"href":"http:\/\/olimpiadadebiologia.cat\/index.php\/wp-json\/wp\/v2\/comments?post=196"}],"version-history":[{"count":7,"href":"http:\/\/olimpiadadebiologia.cat\/index.php\/wp-json\/wp\/v2\/pages\/196\/revisions"}],"predecessor-version":[{"id":786,"href":"http:\/\/olimpiadadebiologia.cat\/index.php\/wp-json\/wp\/v2\/pages\/196\/revisions\/786"}],"wp:attachment":[{"href":"http:\/\/olimpiadadebiologia.cat\/index.php\/wp-json\/wp\/v2\/media?parent=196"}],"curies":[{"name":"wp","href":"https:\/\/api.w.org\/{rel}","templated":true}]}}